he remainder when 45 is divided by 27.
18
Calculate the remainder when 256 is divided by 120.
16
What is the remainder when 8034 is divided by 29?
1
What is the remainder when 574 is divided by 184?
22
Calculate the remainder when 173 is divided by 31.
18
What is the remainder when 6200 is divided by 188?
184
Calculate the remainder when 620 is divided by 91.
74
Calculate the remainder when 91 is divided by 21.
7
What is the remainder when 977 is divided by 278?
143
What is the remainder when 70 is divided by 21?
7
What is the remainder when 1160 is divided by 56?
40
Calculate the remainder when 268 is divided by 16.
12
Calculate the remainder when 665 is divided by 37.
36
What is the remainder when 1851 is divided by 11?
3
What is the remainder when 754 is divided by 79?
43
Calculate the remainder when 2083 is divided by 14.
11
Calculate the remainder when 4156 is divided by 1379.
19
What is the remainder when 172 is divided by 36?
28
What is the remainder when 133 is divided by 43?
4
Calculate the remainder when 1232 is divided by 5.
2
Calculate the remainder when 129 is divided by 63.
3
Calculate the remainder when 6930 is divided by 50.
30
Calculate the remainder when 247 is divided by 10.
7
Calculate the remainder when 100 is divided by 28.
16
What is the remainder when 1437 is divided by 32?
29
Calculate the remainder when 107 is divided by 25.
7
Calculate the remainder when 3328 is divided by 1659.
10
What is the remainder when 28 is divided by 9?
1
Calculate the remainder when 259 is divided by 54.
43
What is the remainder when 613 is divided by 41?
39
Calculate the remainder when 4739 is divided by 31.
27
What is the remainder when 401 is divided by 5?
1
What is the remainder when 128 is divided by 6?
2
What is the remainder when 528 is divided by 53?
51
Calculate the remainder when 755 is divided by 17.
7
What is the remainder when 1859 is divided by 31?
30
What is the remainder when 1285 is divided by 33?
31
What is the remainder when 411 is divided by 83?
79
Calculate the remainder when 174 is divided by 28.
6
What is the remainder when 224 is divided by 168?
56
Calculate the remainder when 1316 is divided by 33.
29
Calculate the remainder when 574 is divided by 96.
94
What is the remainder when 443 is divided by 14?
9
Calculate the remainder when 283 is divided by 240.
43
What is the remainder when 2802 is divided by 185?
27
What is the remainder when 1407 is divided by 202?
195
What is the remainder when 279 is divided by 20?
19
What is the remainder when 441 is divided by 117?
90
Calculate the remainder when 36 is divided by 5.
1
What is the remainder when 1078 is divided by 180?
178
Calculate the remainder when 648 is divided by 31.
28
What is the remainder when 196 is divided by 24?
4
Calculate the remainder when 206 is divided by 187.
19
What is the remainder when 231 is divided by 32?
7
What is the remainder when 344 is divided by 19?
2
Calculate the remainder when 1623 is divided by 161.
13
What is the remainder when 86 is divided by 19?
10
What is the remainder when 225 is divided by 29?
22
Calculate the remainder when 552 is divided by 21.
6
What is the remainder when 3483 is divided by 7?
4
Calculate the remainder when 546 is divided by 135.
6
What is the remainder when 150 is divided by 35?
10
Calculate the remainder when 227 is divided by 69.
20
What is the remainder when 440 is divided by 89?
84
Calculate the remainder when 781 is divided by 115.
91
Calculate the remainder when 1723 is divided by 24.
19
Calculate the remainder when 27 is divided by 17.
10
What is the remainder when 946 is divided by 464?
18
Calculate the remainder when 632 is divided by 149.
36
Calculate the remainder when 100 is divided by 44.
12
What is the remainder when 5223 is divided by 11?
9
What is the remainder when 510 is divided by 8?
6
Calculate the remainder when 501 is divided by 165.
6
Calculate the remainder when 159 is divided by 91.
68
Calculate the remainder when 650 is divided by 214.
8
Calculate the remainder when 208 is divided by 76.
56
Calculate the remainder when 3621 is divided by 892.
53
Calculate the remainder when 283 is divided by 89.
16
Calculate the remainder when 971 is divided by 82.
69
Calculate the remainder when 176 is divided by 47.
35
What is the remainder when 215 is divided by 44?
39
What is the remainder when 355 is divided by 40?
35
Calculate the remainder when 152 is divided by 40.
32
Calculate the remainder when 18 is divided by 7.
4
Calculate the remainder when 49 is divided by 4.
1
Calculate the remainder when 116 is divided by 52.
12
Calculate the remainder when 337 is divided by 84.
1
What is the remainder when 427 is divided by 142?
1
What is the remainder when 8145 is divided by 2710?
15
What is the remainder when 139 is divided by 122?
17
What is the remainder when 462 is divided by 31?
28
Calculate the remainder when 943 is divided by 135.
133
Calculate the remainder when 149 is divided by 50.
49
What is the remainder when 45 is divided by 28?
17
What is the remainder when 348 is divided by 9?
6
What is the remainder when 501 is divided by 42?
39
What is the remainder when 1026 is divided by 486?
54
What is the remainder when 587 is divided by 566?
21
What is the remainder when 265 is divided by 9?
4
Calculate the remainder when 2633 is divided by 20.
13
Calculate the remainder when 17348 is divided by 24.
20
Calculate the remainder when 2287 is divided by 7.
5
Calculate the remainder when 359 is divided by 94.
77
Calculate the remainder when 198 is divided by 23.
14
What is the remainder when 66 is divided by 20?
6
Calculate the remainder when 38 is divided by 13.
12
Calculate the remainder when 80 is divided by 18.
8
Calculate the remainder when 168 is divided by 44.
36
What is the remainder when 5075 is divided by 64?
19
Calculate the remainder when 7139 is divided by 119.
118
Calculate the remainder when 9536 is divided by 17.
16
What is the remainder when 156 is divided by 23?
18
What is the remainder when 833 is divided by 215?
188
What is the remainder when 1119 is divided by 34?
31
Calculate the remainder when 803 is divided by 132.
11
What is the remainder when 1103 is divided by 121?
14
Calculate the remainder when 153 is divided by 55.
43
Calculate the remainder when 214 is divided by 12.
10
Calculate the remainder when 183 is divided by 11.
7
What is the remainder when 3503 is divided by 1747?
9
What is the remainder when 445 is divided by 12?
1
Calculate the remainder when 439 is divided by 64.
55
What is the remainder when 68 is divided by 61?
7
Calculate the remainder when 666 is divided by 67.
63
What is the remainder when 316 is divided by 164?
152
Calculate the remainder when 47260 is divided by 14.
10
Calculate the remainder when 135 is divided by 46.
43
What is the remainder when 24 is divided by 9?
6
What is the remainder when 269 is divided by 13?
9
What is the remainder when 26 is divided by 10?
6
What is the remainder when 2820 is divided by 166?
164
Calculate the remainder when 385 is divided by 14.
7
Calculate the remainder when 1022 is divided by 18.
14
Calculate the remainder when 121 is divided by 41.
39
Calculate the remainder when 697 is divided by 190.
127
Calculate the remainder when 32 is divided by 28.
4
What is the remainder when 163 is divided by 21?
16
Calculate the remainder when 152 is divided by 82.
70
Calculate the remainder when 31 is divided by 9.
4
Calculate the remainder when 385 is divided by 335.
50
What is the remainder when 1477 is divided by 328?
165
Calculate the remainder when 287 is divided by 162.
125
Calculate the remainder when 3407 is divided by 14.
5
What is the remainder when 443 is divided by 108?
11
Calculate the remainder when 285 is divided by 32.
29
Calculate the remainder when 2046 is divided by 188.
166
Calculate the remainder when 323 is divided by 109.
105
What is the remainder when 574 is divided by 48?
46
Calculate the remainder when 216 is divided by 65.
21
Calculate the remainder when 1175 is divided by 131.
127
Calculate the remainder when 135 is divided by 26.
5
Calculate the remainder when 319 is divided by 39.
7
Calculate the remainder when 443 is divided by 117.
92
What is the remainder when 105 is divided by 12?
9
Ca